True
Is 197 a factor of 48877?
False
Does 44 divide 22040?
False
Is 14 a factor of 13442?
False
Is 37207 a multiple of 29?
True
Is 29 a factor of 13166?
True
Is 19 a factor of 19532?
True
Does 103 divide 2369?
True
Is 19786 a multiple of 42?
False
Is 3760 a multiple of 4?
True
Is 99 a factor of 15444?
True
Does 26 divide 4368?
True
Is 37089 a multiple of 32?
False
Is 24 a factor of 1152?
True
Is 193 a multiple of 25?
False
Is 269 a multiple of 115?
False
Is 6135 a multiple of 15?
True
Is 124 a multiple of 3?
False
Is 840 a multiple of 10?
True
Is 1196 a multiple of 23?
True
Does 41 divide 1066?
True
Is 1406 a multiple of 38?
True
Is 110 a factor of 9790?
True
Is 29 a factor of 2693?
False
Is 112 a factor of 8288?
True
Is 24 a factor of 17348?
False
Is 646 a multiple of 5?
False
Is 850 a multiple of 34?
True
Does 6 divide 17365?
False
Is 2 a factor of 89?
False
Does 47 divide 11045?
True
Does 5 divide 992?
False
Is 85 a factor of 510?
True
Does 17 divide 6426?
True
Is 10 a factor of 6785?
False
Does 4 divide 188?
True
Is 13 a factor of 8489?
True
Is 145 a factor of 1885?
True
Does 18 divide 14670?
True
Is 11 a factor of 1430?
True
Is 23674 a multiple of 133?
True
Does 10 divide 48827?
False
Does 112 divide 11648?
True
Is 16278 a multiple of 49?
False
Is 5 a factor of 745?
True
Does 8 divide 450?
False
Does 6 divide 2138?
False
Does 21 divide 94146?
False
Is 20 a factor of 3382?
False
Is 6960 a multiple of 40?
True
Does 87 divide 39411?
True
Is 77 a factor of 20482?
True
Is 5 a factor of 585?
True
Does 3 divide 193?
False
Does 7 divide 68?
False
Does 4 divide 380?
True
Is 6732 a multiple of 153?
True
Does 20 divide 920?
True
Does 38 divide 14820?
True
Does 8 divide 3551?
False
Is 37890 a multiple of 90?
True
Is 22388 a multiple of 33?
False
Does 7 divide 207?
False
Does 115 divide 1725?
True
Does 11 divide 10865?
False
Does 33 divide 4531?
False
Is 73 a factor of 949?
True
Does 16 divide 18?
False
Is 44 a factor of 1804?
True
Does 41 divide 30422?
True
Does 31 divide 677?
False
Does 4 divide 94?
False
Is 11300 a multiple of 100?
True
Is 2057 a multiple of 14?
False
Does 11 divide 122?
False
Does 41 divide 943?
True
Is 5400 a multiple of 30?
True
Does 40 divide 1560?
True
Is 48 a factor of 792?
False
Does 2 divide 887?
False
Does 10 divide 8770?
True
Does 49 divide 84?
False
Does 10 divide 281?
False
Does 38 divide 7790?
True
Is 53 a factor of 1431?
True
Is 54 a factor of 2214?
True
Does 21 divide 462?
True
Is 53 a factor of 9222?
True
Does 12 divide 36?
True
Is 1141 a multiple of 8?
False
Is 43 a multiple of 16?
False
Does 83 divide 11094?
False
Does 9 divide 311?
False
Is 9 a factor of 5785?
False
Is 125 a factor of 18696?
False
Does 9 divide 1152?
True
Is 25868 a multiple of 13?
False
Is 49 a factor of 7570?
False
Does 22 divide 22455?
False
Is 10157 a multiple of 26?
False
Does 14 divide 16665?
False
Is 66328 a multiple of 267?
False
Is 528 a multiple of 44?
True
Is 10 a factor of 174?
False
Is 11 a factor of 38?
False
Does 43 divide 76276?
False
Does 7 divide 119?
True
Does 237 divide 126440?
False
Is 14 a factor of 1486?
False
Does 91 divide 1835?
False
Does 58 divide 2378?
True
Does 59 divide 2876?
False
Does 26 divide 1874?
False
Is 25 a factor of 8750?
True
Does 28 divide 4340?
True
Does 5 divide 87?
False
Is 27 a factor of 2700?
True
Does 2 divide 1696?
True
Does 173 divide 23589?
False
Is 15 a factor of 2100?
True
Does 315 divide 51030?
True
Is 704 a multiple of 32?
True
Is 20 a factor of 7220?
True
Is 52 a factor of 8840?
True
Does 111 divide 8273?
False
Is 2193 a multiple of 5?
False
Does 180 divide 9540?
True
Is 136 a multiple of 68?
True
Does 7 divide 1099?
True
Is 65680 a multiple of 80?
True
Is 6 a factor of 971?
False
Does 25 divide 2112?
False
Is 62 a factor of 15047?
False
Does 62 divide 620?
True
Is 22920 a multiple of 8?
True
Does 302 divide 22650?
True
Is 22 a factor of 44?
True
Is 57690 a multiple of 270?
False
Does 2 divide 1244?
True
Is 7 a factor of 238?
True
Is 18 a factor of 27670?
False
Is 4 a factor of 1004?
True
Is 76616 a multiple of 160?
False
Is 195 a factor of 975?
True
Is 265 a factor of 93329?
False
Does 107 divide 20009?
True
Is 6 a factor of 4344?
True
Does 11 divide 5577?
True
Is 1080 a multiple of 54?
True
Is 4100 a multiple of 59?
False
Does 100 divide 8568?
False
Does 7 divide 3898?
False
Is 36794 a multiple of 74?
False
Does 10 divide 2250?
True
Is 12 a factor of 18?
False
Does 15 divide 380?
False
Is 1105 a multiple of 17?
True
Is 2412 a multiple of 17?
False
Is 4894 a multiple of 27?
False
Is 21 a factor of 273?
True
Does 83 divide 2822?
True
Does 60 divide 1747?
False
Is 18 a factor of 7434?
True
Does 192 divide 37632?
True
Does 104 divide 5720?
True
Does 6 divide 5742?
True
Does 9 divide 144468?
True
Does 7 divide 509?
False
Does 8 divide 408?
True
Is 6 a factor of 15240?
True
Is 63 a factor of 17577?
True
Is 104 a factor of 32114?
False
Is 9 a factor of 31212?
True
Does 57 divide 812?
False
Is 16 a factor of 27769?
False
Is 5732 a multiple of 2?
True
Is 10 a factor of 12630?
True
Is 47 a factor of 1034?
True
Does 2 divide 11232?
True
Is 17072 a multiple of 24?
False
Is 3 a factor of 1380?
True
Is 220 a multiple of 10?
True
Is 13752 a multiple of 36?
True
Is 7904 a multiple of 19?
True
Does 32 divide 685?
False
Is 1300 a multiple of 25?
True
Does 96 divide 9024?
True
Does 42 divide 840?
True
Does 120 divide 120?
True
Is 29 a factor of 551?
True
Does 81 divide 23689?
False
Is 29 a factor of 1289?
False
Is 11 a factor of 5874?
True
Does 14 divide 9926?
True
Does 12 divide 747?
False
Does 156 divide 165274?
False
Is 3785 a multiple of 134?
False
Does 14 divide 602?
True
Is 1325 a multiple of 5?
True
Is 1540 a multiple of 28?
True
Does 185 divide 1986?
False
Is 28 a factor of 2016?
True
Is 1840 a multiple of 16?
True
Does 140 divide 19740?
True
Is 64 a factor of 8554?
False
Is 5438 a multiple of 45?
False
Is 3485 a multiple of 5?
True
Is 49 a factor of 22246?
True
Is 59 a factor of 145024?
False
Is 128 a multiple of 2?
True
Is 14 a factor of 42266?
True
Is 24 a factor of 692?
False
Does 157 divide 71592?
True
Does 13 divide 83850?
True
Is 21 a factor of 4410?
True
Does 17 divide 38995?
False
Is 6 a factor of 2467?
False
Is 70 a factor of 210?
True
Is 2 a factor of 21?
False
Does 17 divide 658?
False
Is 23 a factor of 20907?
True
Is 7 a factor of 4137?
True
Is 2334 a multiple of 72?
False
Is 12 a factor of 145?
False
Does 5 divide 1818?
False
Is 4860 a multiple of 27?
True
Does 26 divide 2291?
False
Does 100 divide 59004?
False
Is 7630 a multiple of 14?
True
Is 32 a factor of 40704?
True
Is 5 a factor of 62833?
False
Is 1400 a multiple of 14?
True
Is 10 a factor of 4343?
False
Does 9 divide 324?
True
Does 30 divide 5038?
False
Does 5 divide 1030?
True
Does 6 divide 175?
False
Is 2117 a multiple of 73?
True
Is 12727 a multiple of 143?
True
Is 168 a factor of 8736?
True
Does 4 divide 405?
False
Is 5 a factor of 7195?
True
Is 1534 a multiple of 59?
True
Does 9 divide 315?
True
Does 8 divide 2034?
False
Is 2778 a multiple of 98?
False
Is 3618 a multiple of 118?
False
Is 5937 a multiple of 16?
False
Is 15 a factor of 642?
False
Does 10 divide 2401?
False
Is 15582 a multiple of 14?
True
Is 2169 a multiple of 47?
False
Is 40 a factor of 4240?
True
Does 19 divide 437?
True
Does 65 divide 616?
False
Is 3388 a multiple of 22?
True
Is 204 a multiple of 3?
True
Is 13 a factor of 364?
True
Is 247 even?
False
Is 7794 a multiple of 16?
False
Is 11368 a multiple of 28?
True
Is 69 a factor of 1254?
False
Is 79 a factor of 2089?
False
Is 240 a multiple of 12?
True
Is 31620 a multiple of 20?
True
Is 21 a factor of 16065?
True
Does 38 divide 3002?
True
Is 372 a multiple of 17?
False
Is 4055 a multiple of 5?
True
Is 52 a factor of 9412?
True
Does 17 divide 833?
True
Does 23 divide 49013?
True
Is 3686 a multiple of 5?
False
Does 47 divide 5875?
True
Does 15 divide 96?
False
Is 6 a factor of 8106?
True
Is 14414 a multiple of 64?
False
Is 180 a multiple of 12?
True
Does 17 divide 1088?
True
Is 27 a factor of 540?
True
Is 19 a factor of 171?
True
Is 139 a factor of 3753?
True
Is 9 a factor of 109?
False
Is 12 a factor of 684?
True
Is 10 a factor of 550?
True
Is 58 a factor of 580?
True
Is 84 a factor of 1344?
True
Is 1643 